432351
In base 15, what is 25085da5 + 3?
25085da8
In base 6, what is 410031 + -100521?
305110
In base 7, what is 4420 + -26356?
-21636
In base 8, what is 15632520 - -20?
15632540
In base 12, what is -3947 + -410?
-4157
In base 6, what is 1544 + -2012143?
-2010155
In base 9, what is -332002 + 60?
-331832
In base 3, what is 10000 + -1101120211200?
-1101120201200
In base 4, what is 10 - 30022301132?
-30022301122
In base 11, what is -73 - 709332?
-7093a5
In base 5, what is 433 - 400111233?
-400110300
In base 3, what is -11 - -200210121201120?
200210121201102
In base 2, what is 1111111010000110011 + 0?
1111111010000110011
In base 16, what is 1b8 + 3f2d4?
3f48c
In base 3, what is 21201002212 - -2121?
21201012110
In base 11, what is -2 + -4196910?
-4196912
In base 7, what is -101314266046 - 0?
-101314266046
In base 13, what is -78 - -5a7a?
5a02
In base 8, what is 11 + 107150?
107161
In base 9, what is -533 + 747282?
746648
In base 10, what is -193 - 27389?
-27582
In base 16, what is -b3c6fc7 + -1?
-b3c6fc8
In base 12, what is -543948 + -62?
-5439aa
In base 4, what is 331121122101 - -3?
331121122110
In base 9, what is -306804 + 158?
-306635
In base 3, what is 11211111110 + 11002010?
11222120120
In base 10, what is -1 + -219414?
-219415
In base 8, what is -30 - 1375621?
-1375651
In base 3, what is 20 + -22022020101200020?
-22022020101200000
In base 4, what is 12002310 + 13133?
12022103
In base 2, what is 1011001100001100 - -111110110011?
1100001010111111
In base 7, what is -43 + 2002055?
2002012
In base 11, what is 116 + -123a70?
-123955
In base 14, what is c + 96cc9?
96cd7
In base 5, what is 20304043 - 30?
20304013
In base 5, what is 3 - -2421434442?
2421440000
In base 4, what is -130013300121 - 1?
-130013300122
In base 10, what is 0 + 12102887?
12102887
In base 11, what is -4 - -20631154?
20631150
In base 2, what is 1111010101000001110100000001 - 11?
1111010101000001110011111110
In base 3, what is 20201021111101 + 22?
20201021111200
In base 10, what is 924 - -877?
1801
In base 2, what is -101000101110110011010001110 - 101?
-101000101110110011010010011
In base 12, what is 11466 + -533?
10b33
In base 3, what is -1 - 1122201112202121?
-1122201112202122
In base 14, what is 36db5dd0 - 5?
36db5dc9
In base 13, what is -1847318 - 5?
-1847320
In base 11, what is 1 - 2112022?
-2112021
In base 11, what is -28a505 - -1179?
-289337
In base 14, what is 296a3d - -18?
296a57
In base 13, what is 1216 - -3121?
4337
In base 5, what is 0 - -122221232342?
122221232342
In base 13, what is -42b0804c - 1?
-42b08050
In base 4, what is 2 - -2011030022230?
2011030022232
In base 3, what is 20222100002120 + -11?
20222100002102
In base 4, what is 22011203100 - 23?
22011203011
In base 16, what is -41d + -247b?
-2898
In base 14, what is 24d9b8d5 + -2?
24d9b8d3
In base 16, what is 71 - 43d30?
-43cbf
In base 16, what is -bfde35 - -1e?
-bfde17
In base 15, what is 53e + -2022?
-19d3
In base 2, what is 1011100001011001001001010 + 100?
1011100001011001001001110
In base 14, what is 59 - -b363?
b3bc
In base 13, what is 1b - -b31cbc?
b3200a
In base 9, what is -1636428 - 84?
-1636523
In base 4, what is -2002 + -113002101?
-113010103
In base 9, what is 3 + 604161?
604164
In base 14, what is 23 + 448a25d?
448a282
In base 8, what is -4375431154 - -1?
-4375431153
In base 8, what is 15 + 10075347?
10075364
In base 12, what is 718a44bb + 4?
718a4503
In base 16, what is -c5f - -d65?
106
In base 15, what is 15 - bd2c?
-bd17
In base 6, what is 105442542 - -41?
105443023
In base 15, what is -1793487 + -7?
-179348e
In base 15, what is -c87 - -4864?
3acc
In base 12, what is 11100b9 - -1?
11100ba
In base 6, what is 540553230 - -251?
540553521
In base 3, what is -1011 + -2022020022?
-2022021110
In base 5, what is -40003433 + -2122?
-40011110
In base 5, what is -414302 + -1140303?
-2110110
In base 9, what is 1782 + -30017?
-27125
In base 7, what is -235 - 25110305?
-25110543
In base 9, what is 234227 - 400?
233727
In base 11, what is -32 - -1851a72?
1851a40
In base 10, what is -16649 + -1236?
-17885
In base 16, what is 146c049 + 2?
146c04b
In base 6, what is 11142013022 - -2?
11142013024
In base 8, what is -1 - -117627377?
117627376
In base 15, what is -a78 - -849?
-22e
In base 11, what is -2616319 + -3?
-2616321
In base 13, what is -11 - 106226?
-106237
In base 13, what is 1b084ac - 7?
1b084a5
In base 7, what is -20366503543 + 5?
-20366503535
In base 8, what is -15330 + 2450?
-12660
In base 3, what is 2000221112 + -100100221?
1200120121
In base 10, what is 38946 + -83?
38863
In base 4, what is -1 + -32332333022?
-32332333023
In base 11, what is 3a12 + -882?
3140
In base 15, what is 3a - -84321?
8435b
In base 4, what is 3102213221313 + -2?
3102213221311
In base 10, what is 87535239 + -3?
87535236
In base 8, what is -21073521 - 0?
-21073521
In base 3, what is 1000201120112120 + -1?
1000201120112112
In base 3, what is 11 - -22021110000111?
22021110000122
In base 12, what is 2a8706 + -a8?
2a861a
In base 7, what is -140043110 + 3?
-140043104
In base 14, what is -19a57 - -1c?
-19a39
In base 6, what is 1252323 + 200?
1252523
In base 3, what is -1202220211012 - 20010?
-1202221001022
In base 2, what is -110100010110111111001100 + -100?
-110100010110111111010000
In base 16, what is 2fab + 1d28?
4cd3
In base 13, what is -10468686 + -1?
-10468687
In base 13, what is 6a96a83 + 3?
6a96a86
In base 3, what is -200010200 + -12202100?
-212220000
In base 5, what is 42203 + -102024?
-4321
In base 13, what is -3a27a021 + -4?
-3a27a025
In base 6, what is 5124103 + -505?
5123154
In base 7, what is 220140 - -210?
220350
In base 2, what is -1000 + 1010011111001101001?
1010011111001100001
In base 15, what is -c886 + 709?
-c17c
In base 14, what is 2d32 + 12b7?
4209
In base 6, what is 331341 - -1342?
333123
In base 16, what is -1 + -7450baa?
-7450bab
In base 13, what is -2 - -119677?
119675
In base 15, what is -12e37 + ea?
-12d3c
In base 3, what is -200200111020210221 - 12?
-200200111020211010
In base 5, what is -11040230134324 + -2?
-11040230134331
In base 15, what is -b7cb0 + e7?
-b7bb8
In base 5, what is -24043304 + 11303?
-24032001
In base 14, what is -5 + 169da83?
169da7c
In base 4, what is -100322212 - -13110?
-100303102
In base 11, what is 5 + 1433a0?
1433a5
In base 5, what is 24012341114 + -4?
24012341110
In base 4, what is 2001 - 1011020?
-1003013
In base 14, what is -5d2 + -3b4?
-9a6
In base 11, what is 14872 + 38?
148aa
In base 10, what is -9971350 + -5?
-9971355
In base 12, what is -18a - -1a3480?
1a32b2
In base 8, what is 5162 + -451621?
-444437
In base 12, what is 284357a + 2?
2843580
In base 10, what is -3125 - -7818?
4693
In base 16, what is 4c7b - -15?
4c90
In base 13, what is -13a36 + 1190?
-12876
In base 16, what is a3e4d - 2b?
a3e22
In base 9, what is -1868 + -2872?
-4851
In base 4, what is -112301233 + 1022120?
-111213113
In base 4, what is 3203133003332 + 2?
3203133010000
In base 10, what is -21 - -299984?
299963
In base 5, what is 11 - 2333313102?
-2333313041
In base 10, what is 53591671 - 2?
53591669
In base 10, what is -33642109 + 0?
-33642109
In base 16, what is -1260 - -1036d?
f10d
In base 9, what is 4 - 524337743?
-524337738
In base 2, what is -11011 + -1000001100101101001?
-1000001100110000100
In base 6, what is -4 - -15330400?
15330352
In base 7, what is -140304162 + -3?
-140304165
In base 12, what is -9 + b917633?
b917626
In base 9, what is 4827710 - -11?
4827721
In base 11, what is 44320 + -a81?
4334a
In base 3, what is 10212201021 - -100010?
10220001101
In base 7, what is 214 - 54234510?
-54234263
In base 15, what is -bd49a5 + -3?
-bd49a8
In base 14, what is -1975bc9d + -4?
-1975bca3
In base 16, what is -238 + -3a41?
-3c79
In base 14, what is -545 - -4c6d?
4728
In base 14, what is 1786 + 278c?
4134
In base 10, what is -587024 - 34?
-587058
In base 6, what is 1332203322 - -2?
1332203324
In base 7, what is 5 + -1166050354?
-1166050346
In base 15, what is -10136a - 8?
-101373
In base 4, what is 3 - -11230123222?
11230123231
In base 4, what is 21331223200 + -230?
21331222310
In base 16, what is -abb8255 + -5?
-abb825a
In base 11, what is -40a78735 + -3?
-40a78738
In base 16, what is 3e - 54cdf6?
-54cdb8
In base 16, what is -fd34 - -77f?
-f5b5
In base 5, what is -24241200 - -320?
-24240330
In base 7,